29501
Let q(v) = 2*v**3 - 12*v**2 + 71*v - 9. Let a be q(8). Let z = 1936 - a. List the prime factors of z.
19, 59
Let z be ((-377)/58)/(((-2)/4)/(-1)). Let s = -9 - z. Let c(u) = 5*u**3 - 6*u**2 + 1. List the prime factors of c(s).
3, 5
Suppose -699 = -4*a - 27. Let j be (-7 - -8)/(-3 - (-2550)/849). Let n = j - a. List the prime factors of n.
5, 23
Let r(k) = -16*k + 1761. List the prime factors of r(-8).
1889
Let q(w) = -2*w - 6 - 6 - 2*w. Let b be q(-3). Suppose a - 2*o + o - 69 = 0, b = 4*a - o - 288. What are the prime factors of a?
73
Suppose 4*a = -a + 9370. Suppose -2*v - 186 = -a. List the prime factors of v.
2, 211
Let y = -50417 + 104202. List the prime factors of y.
5, 31, 347
Let c(s) = s**2 + 5*s + 14. Let o be c(-4). Suppose -n - 4*l = -861, 7*l - o*l - 4420 = -5*n. What are the prime factors of n?
881
Suppose -2*a - 1 + 221 = 0. Let s = -47 - -259. Let o = s - a. What are the prime factors of o?
2, 3, 17
Let g = 733 - -2264. What are the prime factors of g?
3, 37
Let o(y) = -2*y**2 - 12*y - 14. Suppose -3*f - 14 - 7 = 0. Let i be o(f). List the prime factors of (-7)/(1 - (-30)/i).
2, 7
Suppose -6*n - 4764 = -18*n. Let d = n + -141. List the prime factors of d.
2
Suppose -3*n + 8*n - 9*c - 253838 = 0, 0 = n + 4*c - 50756. What are the prime factors of n?
2, 7, 37
Suppose 3*r + 8 = -r. Let l be (r + 3)*-1*-3 - 7. List the prime factors of 6*l/16*-2 + 5.
2
Let a(m) = -2799*m + 700. What are the prime factors of a(-4)?
2, 1487
Suppose -2*t + 278 = n + 3*n, -164 = -2*n + 4*t. Suppose -x + 3*x + n = 0. List the prime factors of (-4 + 14 + -5)/((-2)/x).
2, 3, 5
Let w = 103400 + -72232. List the prime factors of w.
2, 487
Let x = -10 - -10. Suppose 0 = 5*s - 3*m - 724, -3*s + 2*m - m + 432 = x. Let y = s + 61. List the prime factors of y.
2, 3, 17
Suppose 0 = -5*t + 10, -3*t + 8*t - 27040 = -2*u. List the prime factors of u.
3, 5, 17, 53
Suppose 2*i + i = b + 14, 12 = 2*b + 2*i. List the prime factors of b*-1*3/(27/(-4554)).
2, 11, 23
Let a be (45/(-18))/(1/2). Let v be (134/8)/(0 - a/(-20)). Let p = 125 + v. What are the prime factors of p?
2, 29
Let b = 7 - 58. Let g = 412 + -386. Let p = g - b. List the prime factors of p.
7, 11
Let h = -919 - -1874. Let l = 1370 - h. What are the prime factors of l?
5, 83
Suppose -9402 = -2*t + 4*q, -5*q - 4683 = 61*t - 62*t. List the prime factors of t.
3, 1571
Suppose -k - 3016 + 20436 = y, -2*y - 5*k + 34837 = 0. What are the prime factors of y?
3, 5807
Let t(q) = 661*q + 1057. What are the prime factors of t(5)?
2, 3, 727
Let d(y) = 28*y - 20. Let j = 138 + -133. What are the prime factors of d(j)?
2, 3, 5
Suppose -5*l + 2*l - 408 = 0. Let c be -2 + -4 + -56 + 4. Let j = c - l. What are the prime factors of j?
2, 3, 13
Let j = -5199 + 14237. List the prime factors of j.
2, 4519
Suppose -139*v - 165*v - 58*v + 4472510 = 0. What are the prime factors of v?
5, 7, 353
Suppose -6 = 2*z - 10. Suppose m - 2 - z = 0. Suppose m*u - 84 = u. What are the prime factors of u?
2, 7
Let c(y) = 1267*y + 51. Let g be c(-6). List the prime factors of 1 + g/(-15) - 8/20.
2, 3, 7
What are the prime factors of 10/15 + 3972166/66?
5, 12037
Suppose -6 - 9 = -5*r. Suppose 2*w = -r*c + 38, -4*c + 2*w + 2*w + 24 = 0. Suppose a + 1485 = c*a. List the prime factors of a.
3, 5, 11
Suppose 2*f - s - 18 = -6, -5*f = 2*s - 48. Suppose -319 + 31 = -f*t. What are the prime factors of t?
2, 3
Let i be -3*14/21 - 13. List the prime factors of (-2)/i + (-58184)/(-120).
5, 97
Let m(f) = -3*f + 4. Let b be m(-6). Suppose -h + 6*h - b = -a, 2*h - 5*a = -2. What are the prime factors of 146/(h - 5)*-1?
2, 73
Suppose 586307 - 225787 + 754736 = 31*v. List the prime factors of v.
2, 3, 1499
Let m(d) = 188*d - 72. Let s be m(10). Suppose 5*g - 2243 = 3*y, y = 3*g - s + 463. List the prime factors of g.
2, 7
Suppose 2*j - d - 18966 = 0, -56*j - 47402 = -61*j - 4*d. What are the prime factors of j?
2, 11, 431
Suppose 7*k + 884 = 6*k - c, 2*k - 3*c + 1753 = 0. Let i = -580 - k. What are the prime factors of i?
7, 43
Let a(n) = 9*n + 1. Let o(b) = b + 1. Let w(z) = a(z) - 4*o(z). Let t(f) = -f**3 + 9*f**2 - 15*f - 5. Let r be t(3). What are the prime factors of w(r)?
17
Suppose 5*d + 268*f - 266*f - 16028 = 0, -3220 = -d + 2*f. What are the prime factors of d?
2, 401
Let s(t) = 10307*t**2 - 7*t + 9. List the prime factors of s(1).
13, 61
Suppose 45461 = g + 3*s - 8319, -5*g = -2*s - 268815. What are the prime factors of g?
5, 10753
Let u(b) = -9*b + 15 - 17 - 25 - 37. Let y be 1/((-21)/(-133))*(4 - 7). List the prime factors of u(y).
107
Let i = 1667 + -1047. Let j = 1168 - i. List the prime factors of j.
2, 137
Let r(y) = y**3 + 38*y**2 - 41*y - 84. Let k be r(-39). Let w(h) = -h + 24. Let m be w(0). What are the prime factors of -108*((-82)/m - 4/k)?
3, 11
Let a(c) = 8*c**2 - 21*c + 22. Let k be 943/92 - 1/4. List the prime factors of a(k).
2, 3, 17
Suppose 3*k - w = 27405, 0 = -2*w - 42 + 36. What are the prime factors of k?
2, 4567
Let q = -3 + 7. Suppose 4*o + 130 = 5*g + 2, -q*o - 4*g - 164 = 0. Let x = 73 + o. What are the prime factors of x?
2, 3
Let d = -68 - -68. Suppose d*a = 3*a - 885. Let g = a - 191. What are the prime factors of g?
2, 13
Let y(n) = -n + 1. Let a be y(-2). Suppose 10*f = 5*c + 11*f - 838, -678 = -4*c + a*f. List the prime factors of c.
2, 3, 7
Let g be (-17)/(85/12)*(-1 - 79). Let f = g - 3. Suppose 0*o - o - f = -4*v, -v - 4*o = -26. List the prime factors of v.
2, 23
Let h(u) be the second derivative of u**4/12 + u**3/2 - 4*u**2 + 2*u. Let o be h(-6). Suppose 4*a - o*a = -180. List the prime factors of a.
2, 3, 5
Suppose -4*h = 4*d - 9876, 0 = d - h - 0*h - 2459. Suppose 57*q = 64*q - d. List the prime factors of q.
2, 11
Let y = 9506 + -9349. List the prime factors of y.
157
Let p(a) be the second derivative of a**5/20 + a**4/6 - a**3 - a**2 + 9*a. Let q(b) = 3*b**2 - 15*b + 4. Let r be q(5). List the prime factors of p(r).
2, 5, 7
Suppose 6699*i - 6741*i = -2202648. What are the prime factors of i?
2, 7, 1873
Let t(w) = -2*w + 1581. What are the prime factors of t(60)?
3, 487
Let o(c) = -2*c**2 - 17*c - 35. Let b be o(-5). Suppose -4*a = 2*s + s - 1355, -5*a - 5*s + 1695 = b. What are the prime factors of a?
2, 13
Let i(t) = 10463*t - 14. Let a be i(1). Suppose 36*u = 9*u + a. List the prime factors of u.
3, 43
Suppose -22*b + 115 = 27. Suppose 0 = 2*v - 6, -b*v = 4*j - 478 - 402. List the prime factors of j.
7, 31
Suppose -3*u + 2180 = 2*x, -u - 9*x + 8*x = -727. Suppose 0 = 22*p - u - 440. What are the prime factors of p?
53
Let k(h) = 481*h**2 - 35*h - 520. What are the prime factors of k(-12)?
2, 17291
Suppose 0 = 5*g - 24 - 431. Suppose g + 45 = -4*l. Let n = 2 - l. What are the prime factors of n?
2, 3
Suppose -3 = j - 2*j. Suppose 4*o + v = 46, j*o + 0*v - 26 = -5*v. Suppose 4*a = -o, 3*a - 9 - 27 = -5*y. List the prime factors of y.
3
Let j = -46 + 12. Suppose 20 = 4*i, 70*u - 68*u - 4*i = -190. Let h = j - u. List the prime factors of h.
3, 17
Let n(p) = 100*p - 277. What are the prime factors of n(28)?
3, 29
What are the prime factors of (-9)/(252/(-121796))*7?
30449
Let z be (-4*15/(-20))/(6/8). Suppose 2*i + 624 = -z*i. What are the prime factors of (-2)/16 + (-12077)/i?
2, 29
Suppose 78*m - 6640722 = -1474002. What are the prime factors of m?
2, 3, 5, 23
Suppose -39*y + 41*y = -8*j + 96114, 3 = 3*j. List the prime factors of y.
29, 1657
Let n = -2021 - -3223. Suppose -2*l - 2*l = -2*v - n, 5*l = 5*v + 1505. What are the prime factors of l?
2, 3, 5
Suppose -5*t + 1479 = -2*k, 962 = 4*t - 4*k - 226. Let i = t + 49. List the prime factors of i.
2, 43
Let g be (30/18)/(3/1116). Suppose 4*b + g = 4*p, -5*b + 526 = 3*p + 29. What are the prime factors of p?
3, 53
Suppose -13*p - 4302 - 1631 = -74157. What are the prime factors of p?
2, 41
Let f be -23*(1 - 93)/4. Let d = f + -170. What are the prime factors of d?
359
Let g = 3693 + -6599. Let v = -1550 - g. List the prime factors of v.
2, 3, 113
Suppose -5*g - 2 - 19 = 2*o, 3*o - 26 = 4*g. Suppose -4 = o*i - 22. Suppose i*n - 6*n = 240. What are the prime factors of n?
2, 5
Let w(l) = -l**3 + 6*l**2 + 27*l + 15. Let f be w(9). Suppose 0 = f*i - 9116 - 3559. List the prime factors of i.
5, 13
Let i(c) = -303*c**3 - 2*c**2 - 2*c - 1. Let w be (4/2